. Suppose t = c + 3, b - 23 = 12*c - 7*c. What is the greatest common divisor of b and 72?
8
Suppose 12*b - 3676 = -2428. Calculate the highest common divisor of 2002 and b.
26
Suppose h - 2 = 4*y - 6, 30 = -3*h + 3*y. Let l be 1146/4 + 18/h. Let p be l/3*(-4)/(-20). Calculate the greatest common factor of 171 and p.
19
Let g(n) = -n + 11. Suppose 13*i = 18*i - 85. Suppose -6*r = -i - 25. Let a be g(r). Calculate the highest common factor of a and 28.
4
Suppose -14*c + 8 = -62. Suppose 119 + 341 = 5*h + 4*a, -c*h = 5*a - 460. What is the highest common divisor of h and 69?
23
Let l(j) = -j + 5. Let n be 1*3/(3/19). Suppose 4*s + n = 7. Let f be l(s). Calculate the greatest common divisor of 72 and f.
8
Suppose 0 = 4*d - 2*o - 26740, -5*d + 3271 = -2*o - 30153. What is the greatest common factor of 12 and d?
12
Suppose 3*g = 2*j - 35, j - 19 = -0*j + 3*g. Let d be j*1 + (30 - 32). What is the greatest common factor of d and 56?
14
Suppose -66*r - 114*r + 1016 = -53*r. Calculate the greatest common divisor of 32056 and r.
8
Let r = 456 - 453. Suppose -b + h = -15, 3*h = -6*b + 4*b + 15. Calculate the highest common divisor of b and r.
3
Let k = -101 - -99. Let a(y) = 29*y**2 + 5*y + 15. Let x be a(k). Suppose 0 = 3*o - 5 - x. What is the highest common divisor of 126 and o?
42
Let x(v) be the third derivative of -v**5/60 - v**4/4 + v**3/3 + 14*v**2. Let i be x(-5). Let f = -90 - -118. What is the greatest common factor of f and i?
7
Suppose 0*z = -17*z + 370 + 514. What is the highest common divisor of z and 6500?
52
Suppose 18*r + 87*r = 224595. Calculate the highest common factor of r and 93.
93
Suppose -324 = -22*i - 38. Let j be (-9)/(7/(-1) + i + -9). What is the highest common divisor of j and 189?
3
Suppose 7*u = 2*u + 10. Let a(s) = 16*s + 7. Let t be a(u). Suppose 2*x - 3 = t. What is the highest common factor of 105 and x?
21
Let y(u) = -3*u - 14. Let x be y(-6). Suppose 4*f - 5 = 3, -x*f - 22 = 5*j. Let q be j/(-10) - (-1620)/50. What is the greatest common divisor of q and 22?
11
Suppose 1090 = -4*f + 1922. What is the greatest common factor of f and 304?
16
Let r(m) = 4*m - 22. Let q be r(13). Suppose 5*b - 5*g = 145, -g = -b + 4*g + 9. Let t = -14 + b. Calculate the greatest common divisor of q and t.
10
Let f be ((-2)/(-6))/(7/42) - 50. Let z = f - -56. What is the highest common factor of z and 104?
8
Let x(a) = 12*a**2 + 8*a + 3. Let z = 54 + -48. Let j be ((-8)/z)/(28/(-42)) + -4. Let n be x(j). Calculate the greatest common divisor of 35 and n.
35
Let u = 163 - 89. Suppose 6*f - 4*f - 2*j = u, -3*f = 5*j - 71. Calculate the highest common factor of f and 224.
32
Let i(x) = 3*x**2 - 3. Let a be i(-3). Let v = -3871 - -3877. Calculate the greatest common divisor of v and a.
6
Let q(j) = -j**3 + 15*j**2 - 22*j + 104. Let n be q(13). Suppose 9*r = 12*r - n. Calculate the greatest common factor of r and 104.
52
Suppose s = -2*s + 78. Suppose 5*u = u + 276. Suppose u = 6*l - 87. Calculate the greatest common divisor of s and l.
26
Let v(z) = -z**3 + 2*z**2 - 10*z + 23. Let n(r) = r**3 + 9*r - 24. Let u(o) = -5*n(o) - 6*v(o). Let j be u(11). Calculate the highest common factor of 91 and j.
13
Let v = 9794 + -9377. Calculate the greatest common divisor of v and 5977.
139
Let o(k) = 2*k**2 - 80*k + 35. Let a be o(41). Suppose -3*t = 5*r - 610, -3*t = 2*r - 136 - a. What is the highest common divisor of 153 and r?
17
Let t(w) = 5*w**2 + w - 3. Let m be t(-4). Let z be 51 - ((6 - 1) + -5). Let i = m - z. What is the highest common factor of i and 11?
11
Suppose -3*t + 204 = 4*h, 250*t = 245*t - 2*h + 326. What is the highest common factor of t and 5664?
32
Let r(x) = -x**2 + 69*x - 720. Let m be r(45). Let c be (-2 - -3)*(35 - -10). What is the greatest common factor of c and m?
45
Let t be 5*186/(-18)*3. Let b be 7/28 + t/(-4). Calculate the greatest common divisor of b and 26.
13
Let o be (-4*(-13)/(-10))/(78/(-195)). What is the greatest common divisor of o and 47?
1
Let b = -20834 + 21374. What is the greatest common factor of 2565 and b?
135
Let a be ((-21320)/(-110) - -10) + (-6)/(-33). Let t be 4/(-10) + (-172)/(-5). Calculate the greatest common factor of a and t.
34
Let j(c) = 19*c - 67. Let b be j(8). Let v(q) = 9*q**2 - 2*q. Let x be v(-3). Suppose -5*s + 83 + x = 0. What is the greatest common factor of b and s?
17
Suppose -462 = -4*u - 2*m, 2*u - m + 349 = 5*u. Suppose -2*l - u = -426. Suppose -5*v = -7*v + 44. What is the greatest common divisor of v and l?
22
Let f = 49 - 46. Suppose -2*m + 75 = -f*q, 5*m - 6*q + q - 190 = 0. What is the highest common factor of m and 13?
13
Let v = 12610 + -12607. What is the greatest common factor of v and 2307?
3
Let x(s) = 4*s**3 - 119*s**2 - 28*s + 3. Let m be x(30). What is the greatest common divisor of m and 77?
7
Suppose -m = -16*m. Suppose -u - 5*v + 35 = m, 5 = 4*v - 9*v. Calculate the highest common divisor of u and 8.
8
Suppose 127074 = 478*g - 312686. What is the greatest common divisor of 320 and g?
40
Let t = 931 + -834. Let w be t + 1 + (-24)/(-24). Calculate the highest common factor of w and 72.
9
Let k(n) = 983*n - 11775. Let d be k(12). Let r = -9 - -18. Suppose -5*s + 2 = w - r, 0 = w + 3*s - 9. Calculate the greatest common factor of d and w.
3
Let d be 987/(-2)*4228/(-453). Calculate the highest common factor of d and 94.
94
Suppose 55*t - 176673 = 6*t - 130*t. Calculate the greatest common factor of 1692 and t.
141
Let s = -124 - -174. Let v(u) = 2*u**3 + 18*u**2 - 3*u - 16. Let j be v(-9). Suppose j*t - 108 = 2. Calculate the greatest common divisor of t and s.
10
Let x be 1/7 + 68/14. Let s be 1*-101*1*(-3 + 2). Let f = s + -96. What is the highest common divisor of x and f?
5
Suppose f - 199 + 154 = 5*y, 2*f - 95 = 5*y. Suppose 4*x - m - 503 = 0, -4*x = -4*m - 140 - 372. Calculate the highest common factor of f and x.
25
Let p be (-94)/(-10) - (2 + 24/(-15)). Suppose 2*j = -2*g + 68, p*j - 6*j = -2*g + 67. Let a = g - 29. Calculate the greatest common factor of 54 and a.
6
Suppose 2*i - 18*i - 15*i = -15872. What is the greatest common factor of i and 96?
32
Let y(z) = -92*z - 758. Let m be y(-94). What is the greatest common factor of m and 30?
30
Suppose 130 = 5*q - 115. Let o = q + -47. Suppose 3 + 21 = o*v. Calculate the highest common factor of 4 and v.
4
Suppose 4*y - 88572 = -4*m, 44280 = 30*m - 28*m + 3*y. Calculate the highest common factor of m and 69.
69
Let h(i) = -i**3 + 17*i**2 - 46*i - 16. Let v be h(7). Let d(k) = 78*k**2 + k - 1. Let o be d(-1). Calculate the highest common factor of v and o.
76
Suppose 4*p - 17 = -29, -2*f = -p - 7823. Calculate the greatest common divisor of f and 170.
170
Suppose -558 = -2*a + 300. Suppose 3*j - 6*b - 879 = 0, 20*j - 25*j + 2*b = -1481. Let c = a - j. What is the highest common factor of c and 12?
12
Suppose 4*h + 450 = -2*q, -h + 113 = -2*h - q. Let k = h - -179. What is the greatest common factor of k and 67?
67
Let y be 235/(-188)*12/(-15). Calculate the greatest common divisor of 103 and y.
1
Suppose 9*t + 706 + 392 = 0. Let s be 60/(-18)*t*12/10. Calculate the highest common factor of s and 61.
61
Let h = -8595 - -8718. Calculate the greatest common divisor of h and 1681.
41
Suppose w + 0*w = 68. Let k(z) = z**3 + 43*z**2 + 47*z + 6250. Let f be k(-45). What is the highest common factor of w and f?
17
Suppose -2*w - 3*x - 2*x = -29, 4*w - 4*x = 44. Let b = w - 18. Let k = 12 - b. Calculate the greatest common factor of 2 and k.
2
Suppose -4*j = -4 - 4. Let s be (3/j)/(2/84). Let o = s - 14. What is the highest common divisor of 7 and o?
7
Let c = -4033 - -4039. Calculate the highest common factor of c and 2574.
6
Suppose -u + c + 1 = 0, -14 + 7 = -u - 2*c. Suppose 2 = -w, -4*w + u*w = -5*b + 162. Let r = 7 - -1. Calculate the greatest common divisor of r and b.
8
Let q be ((-9)/(-6))/(2/16). Suppose -q*u + 128 + 340 = 0. What is the greatest common divisor of 26 and u?
13
Let q(k) = -k**2 + 34*k - 154. Let w be q(27). Calculate the highest common divisor of w and 10.
5
Suppose -4*w + 4*t + 12 = 0, 4*w + 4*t - 11 = 25. Suppose -j = -65 + w. Let u = j + -41. Calculate the highest common factor of u and 72.
18
Let w be 16/2 + 3854/47. Calculate the highest common factor of w and 2430.
90
Let v(w) = w**